r when 46 is divided by (i/(-2))/5*24/9.
10
Let o(l) = -37*l + 6. Let h(k) = -20*k + 3. Let v(j) = 10*h(j) - 6*o(j). What is the remainder when 2/(-4) + 446/4 is divided by v(2)?
35
Let u(c) = -c**2 - 27*c - 136. Let b be u(-6). Calculate the remainder when 163 is divided by (-16)/(-48)*5/(b/(-126)).
16
Suppose -5*g + 187 = -378. Suppose 4*j + 5*z = -161, -3*j + z - g = -3*z. What is the remainder when (j/9 - -3)*-18*3 is divided by 15?
12
Suppose 10*v - 5748 = 7*v. Suppose 0 = -2*s - 0*s + 5*z + 33, -57 = -4*s + z. Calculate the remainder when v/36 - (-14)/(-63) is divided by s.
11
Calculate the remainder when 315 is divided by 170/15*(-1 - 87/(-6)).
9
Suppose 7*i - 4*i - 18 = -4*j, 3*j - 4*i = 26. Suppose 17*m + 31*m - 3552 = 0. What is the remainder when m is divided by j*-1*(-5)/2?
14
Let w = -14888 + 14972. What is the remainder when w is divided by 10?
4
Suppose 5*j + 3*l = 14 - 163, 0 = -2*j - 2*l - 62. Let g = 59 + j. Calculate the remainder when 72 is divided by g.
10
Let u = 55 - 29. Suppose -25 = -2*n - 21. Suppose n*s = 5*i + 26, -i + 1 = 3. Calculate the remainder when u is divided by s.
2
Let w be 1 + 1 + (2 - 4). Let f be -1 + 11168/20 + 39/65. Suppose w = -31*a + 25*a + f. Calculate the remainder when a is divided by 32.
29
Let k = 9 - 11. Let b = k + 22. Suppose 10*n - 20*n + 110 = 0. What is the remainder when b is divided by n?
9
Suppose 29 = -54*c + 137. Let m = -7 - -17. Suppose 0 = -c*n + 84 + m. Calculate the remainder when 93 is divided by n.
46
Suppose -7*i - b + 635 = -5*i, -b = -5. Calculate the remainder when 316 is divided by i.
1
Let t(l) = l + 16. Let c be t(-14). Let q(f) = f - 4. Let p be q(c). Calculate the remainder when p/8 + (-1 - 345/(-20)) is divided by 5.
1
Suppose -184 = -4*x - 0*x. Suppose -5*s + 117 = 4*s. What is the remainder when x is divided by (78/s)/(6/8)?
6
Suppose 73*m - 8924 = -71*m + 52*m. What is the remainder when m is divided by 1 + -1 - (-2 + -12)?
13
Let s = -95 + 101. Let n be (-27 - 9/3)/(s/(-15)). Suppose 4*b - n = b. Calculate the remainder when b is divided by 14.
11
Let t(v) = 2*v + v**2 + 7 + 3*v + 9*v. Let p be t(-10). Let o = p + 77. Calculate the remainder when 174 is divided by o.
42
Let a(j) = -1496*j - 1648. Calculate the remainder when a(-2) is divided by 135.
129
Let n(o) = -9*o**3 + 30 + 7*o**2 + 6*o**3 + o + 4*o**3. Let a(s) = s**2 + 4*s - 4. Let f be a(-3). Calculate the remainder when 114 is divided by n(f).
22
Let x = 815 + -145. Suppose 15*n - 17*n + c + 106 = 0, -7*n + 5*c + 362 = 0. What is the remainder when x is divided by n?
54
Let w = 3050 - 2595. What is the remainder when w is divided by 134?
53
Let f = -45 + 71. What is the remainder when f is divided by 552/483 - 208/(-14)?
10
Let m(u) = -84*u - 837. Let h be m(-10). Let t be (-1)/((1/(-43))/1). Suppose -4 + t = h*j. Calculate the remainder when j is divided by 9.
4
What is the remainder when 468 is divided by (5/(-4) - (-2112)/768)*358/3?
110
Let u = 13856 - 393. What is the remainder when u is divided by 72?
71
Let m(j) = -j**3 - 14*j**2 + 15*j + 2. Let t = -68 - -53. Let g be m(t). Calculate the remainder when g + -2 + (-5 - -24) is divided by 7.
5
Suppose 6 = -2*z, -2*t + 2 - 5 = -z. Let x be 4/(2/t - 16/(-12)). Suppose 3*u = x*u - 57. Calculate the remainder when 35 is divided by u.
16
What is the remainder when 107 is divided by (-9*55/(-90) - -6)/((-2)/(-12))?
38
Let i(b) = 7*b + 16. Suppose d + 4*m - 47 = -14, 0 = -2*d + 3*m + 33. Calculate the remainder when i(d) is divided by 41.
40
Let r be (-1)/((14/(-12))/(-7)). Calculate the remainder when (-1 - 24/r) + 132/3 is divided by 16.
15
Let p(b) = -b**2 - 7*b + 3. Let d be p(-7). Suppose 3*o + h - 6*h = 72, h + 60 = d*o. What is the remainder when -1*(0/3 + 1) - -94 is divided by o?
17
Suppose -127*r = -1534783 + 1531989. Suppose 4*l - 935 - 33 = -2*n, -5*n = -l - 2398. What is the remainder when n is divided by r?
18
Suppose -18*i + 13*i + 2800 = -10*q, -4*q - 1664 = -3*i. Calculate the remainder when 553 is divided by i.
9
Let u(c) = c**2 - 4*c + 4. Let q be u(2). Let r be (0/14)/(1 + q). Suppose 5*a - 2*g = 56, -a - 2*g + g + 7 = r. What is the remainder when 27 is divided by a?
7
Calculate the remainder when 1/(-2) + -20 + 172676/56 is divided by 21.
18
Suppose -a - 4*a = 5*k - 165, -3*a = -k + 17. Suppose 0 = 5*s + 5*i - 125, -3*i = -93*s + 94*s - k. Calculate the remainder when 251 is divided by s.
21
Suppose -32*d + 354 = -222. Suppose 1721 - 155 = d*f. What is the remainder when f is divided by (1 - -14)*8/4?
27
Suppose t - 2769 = -3*d, -4*d - 7913 - 3259 = -4*t. Calculate the remainder when t is divided by 34.
33
Suppose -2*t - o + 240 = 0, 4*t - 3*o - 92 = 358. What is the remainder when t is divided by 23?
2
Let g(r) = -364*r + 188*r + 28 - r**2 + 190*r. What is the remainder when 408 is divided by g(13)?
39
Let g be 1086/10 + (-11)/(165/(-6)). Suppose -c = 3*c + 2*m - 24, -5*c = m - 24. Suppose g = c*r - 39. Calculate the remainder when 72 is divided by r.
35
Let m(p) = 6*p**3 - p**2 - 2*p + 2. Calculate the remainder when m(4) is divided by (267 + -225)*55/70.
32
Let w(v) = 114*v**2 - 10*v + 63. Calculate the remainder when w(7) is divided by 124.
123
Suppose 0 = -86*h + 783 + 163. Calculate the remainder when 81 is divided by h.
4
Suppose -327*i + 1911337 = -136*i. What is the remainder when i is divided by 110?
107
Let r(i) = -6*i - 12. What is the remainder when 1007 is divided by r(-14)?
71
Let w = -13 - -10. Calculate the remainder when w/(-4) - (-1576)/32 is divided by ((-1)/1)/((-17)/442).
24
Suppose 8*l = 74 + 126. Suppose -4*h = l - 13. What is the remainder when 31 is divided by h/((-2)/(-6)*-1)?
4
Let l(p) = p**3 - 1. Let a = -23 - -26. What is the remainder when (-227)/(-5) - 116/290 is divided by l(a)?
19
Let b = -217 - -404. Suppose 19*m - 1156 = -b. Calculate the remainder when 142 is divided by m.
40
Let n = -1210 + 1545. Calculate the remainder when n is divided by 80.
15
Calculate the remainder when 946596/1512 + 1/(-18) is divided by 35.
31
Let p(a) = 7*a + 2. Let u be p(4). Suppose -d = -2*f + 9, d + 0*f + 5*f = -u. What is the remainder when 68 is divided by (72/d)/(10/(-25)) + 0?
8
Suppose 8 = 4*m - 4*j, 0*j = -2*m - j - 5. Let c = m - -2. What is the remainder when (328/(-574))/(4/(-14)) is divided by c?
0
Suppose -250*j - 645 = -254*j - 5*l, 9 = -3*l. What is the remainder when 20129 is divided by j?
164
What is the remainder when 873 is divided by 26 + -19 + 2*-2 - (-867 + 1)?
4
Suppose -3*o - 4*k + 287 = 0, -11*k + 293 = 3*o - 13*k. What is the remainder when 3101 is divided by o?
94
Suppose 16 = -3*w + 2*s - 19, 3*s = -4*w - 24. Let v(u) = u**2 + 25*u + 154. What is the remainder when v(w) is divided by 4?
2
Suppose 9 = 3*s - 3. Suppose s*w + 312 = -2*a, 3*w + 3*a + 234 = 8*a. Calculate the remainder when 1 is divided by (-91)/w - (-1)/(-6).
0
Let i(t) = 6*t - 22. Suppose -2*g - 3*p = 19 + 27, 4*g + 78 = p. Let m = g + 23. Calculate the remainder when m is divided by i(4).
1
Suppose -37*d - 483 = -148*d + 3291. Calculate the remainder when 7474 is divided by d.
28
Let c = -2 + 2. Suppose -3*a - 12 + 60 = c. Suppose 0 = -2*l + 3*k + 48 + 59, -2*l + 4*k = -102. What is the remainder when l is divided by a?
13
What is the remainder when 3/(-51) + (-29392)/(-272) is divided by 27?
0
What is the remainder when 796 is divided by (0 - 2/(-3))/((-5249)/(-348) + -15)?
4
Let k be 7/(42/804) - (3 - 1). What is the remainder when 43 is divided by (-2 - k/8)/(9/(-18))?
6
Let l = 187 - 130. Let w = 549 + -529. What is the remainder when l is divided by w?
17
Calculate the remainder when 1243 is divided by (5 - (-4)/(20/455))*(-12)/(-24).
43
Let m = -336 - -855. Calculate the remainder when m is divided by 87.
84
Let l = 24 - 15. Let d = -52 + 61. Suppose y + b = d + 16, y = -3*b + 31. Calculate the remainder when y is divided by l.
4
Calculate the remainder when 60541 is divided by ((-66)/4)/((-18)/2 - 19482/(-2176)).
349
Suppose 21*v = 14*v + 252. Suppose 0 = -6*q - 0*q + v. What is the remainder when 20 is divided by q?
2
Let u(g) = 2*g**3 - 35*g**2 + 28*g - 52. Let h be u(17). Let i = h - 67. Calculate the remainder when i is divided by -2*(-1 + -1 - 4).
8
Calculate the remainder when 22 is divided by (-12 - 58/(-5)